{"id":2854,"date":"2021-02-23T11:09:46","date_gmt":"2021-02-23T10:09:46","guid":{"rendered":"https:\/\/www.experienceswellness.com\/?page_id=2854"},"modified":"2022-06-12T17:16:33","modified_gmt":"2022-06-12T15:16:33","slug":"ayurveda","status":"publish","type":"page","link":"https:\/\/www.experienceswellness.com\/index.php\/bienestar\/ayurveda\/","title":{"rendered":"Ayurveda"},"content":{"rendered":"[vc_row css=&#8221;.vc_custom_1610108519226{background-position: center !important;background-repeat: no-repeat !important;background-size: cover !important;}&#8221;][vc_column][vc_row_inner][vc_column_inner][vc_empty_space][\/vc_column_inner][\/vc_row_inner][vc_column_text css_animation=&#8221;none&#8221;]\n<h1 style=\"text-align: center;\">El arte del buen vivir<\/h1>\n[\/vc_column_text][vc_empty_space][vc_row_inner][vc_column_inner width=&#8221;1\/2&#8243;][vc_empty_space][vc_single_image image=&#8221;1447&#8243; img_size=&#8221;full&#8221; alignment=&#8221;center&#8221; style=&#8221;vc_box_shadow_3d&#8221;][\/vc_column_inner][vc_column_inner width=&#8221;1\/2&#8243; css=&#8221;.vc_custom_1614093784076{background-image: url(https:\/\/www.experienceswellness.com\/wp-content\/uploads\/2020\/12\/marca-agua-arbol-2.jpg?id=1087) !important;background-position: center !important;background-repeat: no-repeat !important;background-size: contain !important;}&#8221;][vc_column_text]\n<h2 style=\"text-align: center;\"><strong>\u00bfQu\u00e9 es Ayurveda? <\/strong><\/h2>\n<p style=\"text-align: center;\">Ayurveda &#8221; <em>Conocimiento de la Vida<\/em> &#8221; es una ciencia milenaria procedente de India con m\u00e1s de 5000 a\u00f1os de antig\u00fcedad, su experiencia se remonta a los principios de la historia.<\/p>\n<blockquote>\n<h2 style=\"text-align: center;\">Es un estilo de vida<\/h2>\n<\/blockquote>\n<p style=\"text-align: center;\">Consigues irradiar bienestar, sentirte bien y feliz contigo mismo.<\/p>\n<p style=\"text-align: center;\">Reconoce tres tipolog\u00edas o constituciones (doshas) : <strong>VATA, PITTA y KAPHA<\/strong> &#8211; <em>\u00bfCual es la tuya?<\/em><\/p>\n<p style=\"text-align: center;\">\u00bfSabes? Todo el mundo nace con una constituci\u00f3n individual, la cual va a influir en todos los aspectos de la vida (incluyendo estructura corporal, mental, emocional y predisposici\u00f3n a distintos desequilibrios).<br \/>\nEsta sabidur\u00eda milenaria ense\u00f1a a conocerte, a saber c\u00f3mo funciona tu cuerpo, mente y emociones.[\/vc_column_text][\/vc_column_inner][\/vc_row_inner][vc_row_inner css=&#8221;.vc_custom_1614076439433{background-image: url(https:\/\/www.experienceswellness.com\/wp-content\/uploads\/2020\/12\/marca-agua-arbol-2.jpg?id=1087) !important;background-position: center !important;background-repeat: no-repeat !important;background-size: contain !important;}&#8221;][vc_column_inner][vc_column_text css_animation=&#8221;none&#8221;]\n<blockquote>\n<h2 style=\"text-align: center;\">Te da la posibilidad de vivir una vida m\u00e1s plena y feliz<\/h2>\n<\/blockquote>\n<h2 style=\"text-align: center;\"><strong>\u00bfQu\u00e9 beneficios aporta la Ciencia Ayurv\u00e9dica?<\/strong><\/h2>\n<p style=\"text-align: center;\">El Ayurveda es el primer sistema que trata a la persona de forma integral, f\u00edsica, mental y emocional. Trata la causa del desequilibrio en vez de atender meramente los s\u00edntomas.<br \/>\nLas investigaciones actuales de la <em>psico-neuro-inmuno-endocrinolog\u00eda<\/em> est\u00e1n demostrando de forma reiterada la validez de las sabias recomendaciones ayurv\u00e9dicas milenarias.<br \/>\nEl Ayurveda te ofrece herramientas para conseguir una <strong>buena calidad de vida y bienestar a trav\u00e9s de la correcta gesti\u00f3n de tu rutina diaria<\/strong>.<\/p>\n<p style=\"text-align: center;\">Seguir un estilo de vida err\u00f3neo, que no corresponde con nuestra tipolog\u00eda afecta a nuestro sistema inmune y crea desequilibrios en cuerpo, mente y emociones.<br \/>\nLa salud y la armon\u00eda se gana o se pierde dependiendo de c\u00f3mo vivas tu d\u00eda a d\u00eda.<\/p>\n<blockquote>\n<h2 style=\"text-align: center;\">Conoce el Ayurveda:\u00a0 El arte del buen vivir<\/h2>\n<\/blockquote>\n[\/vc_column_text][vc_single_image image=&#8221;1443&#8243; img_size=&#8221;full&#8221; alignment=&#8221;center&#8221; style=&#8221;vc_box_shadow&#8221;][vc_column_text]\n<blockquote>\n<h2 style=\"text-align: center;\">Ayurveda:\u00a0 Puente hacia el Bienestar<\/h2>\n<\/blockquote>\n<p style=\"text-align: center;\">Te proporciono talleres muy interesantes que te aportaran valiosas herramientas para tu equilibrio y bienestar:<br \/>\n<strong>\u00bfSoy Vata, Pitta o Kapha?<\/strong>.<\/p>\n<p style=\"text-align: center;\">Conoce tu Constituci\u00f3n individual y los beneficios que te aportar\u00e1.<br \/>\n<strong>El Botiqu\u00edn de las especias<\/strong>. Aprende a utilizar las especias en cocina, infusiones, etc. y todas sus maravillosas propiedades.[\/vc_column_text][\/vc_column_inner][\/vc_row_inner][vc_empty_space][\/vc_column][\/vc_row][vc_row full_width=&#8221;stretch_row&#8221; equal_height=&#8221;yes&#8221;][vc_column width=&#8221;1\/2&#8243;][vc_empty_space height=&#8221;80px&#8221;][vc_single_image image=&#8221;2793&#8243; img_size=&#8221;full&#8221; alignment=&#8221;center&#8221; style=&#8221;vc_box_shadow_3d&#8221;][\/vc_column][vc_column width=&#8221;1\/2&#8243; css=&#8221;.vc_custom_1614076470225{background-image: url(https:\/\/www.experienceswellness.com\/wp-content\/uploads\/2020\/12\/marca-agua-arbol-2.jpg?id=1087) !important;background-position: center !important;background-repeat: no-repeat !important;background-size: contain !important;}&#8221;][vc_column_text]\n<h4 style=\"text-align: center;\"><strong>La Belleza de las Diosas:<\/strong><\/h4>\n<p style=\"text-align: center;\">Como tener una piel bonita y sentirte bien.<\/p>\n<p style=\"text-align: center;\">Conoce el Ayurveda y sorpr\u00e9ndete con los resultados que vas a obtener.<br \/>\nReg\u00edstrate si es de tu inter\u00e9s y recibe informaci\u00f3n detallada de las fechas de los talleres.<\/p>\n<p style=\"text-align: center;\">\u00bfSabes que el Ayurveda te proporciona masajes y tratamientos exclusivos, \u00fanicos totalmente personalizados que abren el camino del bienestar y equilibrio psicof\u00edsico? Tienes que saber que puedes purificar, rejuvenecer y fortificar cuerpo, mente y emociones a trav\u00e9s de la experiencia sensorial que proporcionan las diferentes t\u00e9cnicas de masaje y tratamientos de este <strong>\u201carte milenario\u201d<\/strong>.<\/p>\n<p style=\"text-align: center;\">Ponerse en manos de un buen profesional es de vital importancia, ponte en contacto y recibir\u00e1s informaci\u00f3n de los especialistas a los que te puedes dirigir para recibir los exclusivos masajes y tratamientos ayurv\u00e9dicos.<\/p>\n[\/vc_column_text][vc_empty_space][vc_btn title=&#8221;REGISTRO&#8221; color=&#8221;danger&#8221; align=&#8221;center&#8221; el_class=&#8221;colorbienestar&#8221; link=&#8221;url:https%3A%2F%2Fwww.experienceswellness.com%2Findex.php%2Fformulario-de-inscripcion-ayurveda%2F|title:Formulario%20de%20Inscripci%C3%B3n%20Plan%20Ayurveda&#8221;][\/vc_column][\/vc_row][vc_row][vc_column][vc_empty_space][\/vc_column][\/vc_row][vc_row full_width=&#8221;stretch_row&#8221; full_height=&#8221;yes&#8221; content_placement=&#8221;middle&#8221; parallax=&#8221;content-moving&#8221; css=&#8221;.vc_custom_1614076043113{background-image: url(https:\/\/www.experienceswellness.com\/wp-content\/uploads\/2021\/02\/slider1-EW.jpg?id=2629) !important;}&#8221;][vc_column width=&#8221;1\/3&#8243;][\/vc_column][vc_column css_animation=&#8221;fadeIn&#8221; width=&#8221;1\/3&#8243; css=&#8221;.vc_custom_1613588953897{padding-top: 20px !important;padding-bottom: 20px !important;background-image: url(https:\/\/www.experienceswellness.com\/wp-content\/uploads\/2021\/02\/fondo-semitransp-1.png?id=2640) !important;border-radius: 20px !important;}&#8221;][vc_custom_heading text=&#8221;\u00bfQUIERES CRUZAR EL PUENTE CONMIGO?&#8221; font_container=&#8221;tag:h2|font_size:60px|text_align:center|color:%23ffffff&#8221; use_theme_fonts=&#8221;yes&#8221; css_animation=&#8221;none&#8221; css=&#8221;.vc_custom_1616858349584{margin-top: 0px !important;margin-bottom: 0px !important;}&#8221; el_class=&#8221;dcsdos&#8221;][\/vc_column][vc_column width=&#8221;1\/3&#8243;][\/vc_column][\/vc_row][vc_row][vc_column][vc_empty_space][vc_custom_heading text=&#8221;VIAJES &#8211; TALLERES&#8221; font_container=&#8221;tag:h2|text_align:center|color:%23000000&#8243; use_theme_fonts=&#8221;yes&#8221;][vc_row_inner][vc_column_inner width=&#8221;1\/2&#8243;][vc_single_image image=&#8221;3654&#8243; img_size=&#8221;full&#8221; alignment=&#8221;center&#8221;][\/vc_column_inner][vc_column_inner width=&#8221;1\/2&#8243;][vc_column_text]\n<h4><strong>EL BOTIQU\u00cdN DE LAS ESPECIAS<\/strong><\/h4>\n<p><strong>Descripci\u00f3n:<\/strong><br \/>\nLa importancia de disponer del botiqu\u00edn de especias.<br \/>\nBienestar para toda la familia.<br \/>\n<strong>Aprender\u00e1s:<\/strong><br \/>\nLas propiedades de las especias: jengibre, c\u00farcuma, canela, pimienta negra, comino, etc.<br \/>\nC\u00f3mo utilizarlas para obtener el mayor beneficio a trav\u00e9s de su uso en cocina, infusiones, decocciones etc.<br \/>\nEl poder terap\u00e9utico de las especias.<br \/>\nHerramientas que te ayudaran en desequilibrios como: catarro, estre\u00f1imiento, sobrepeso, insomnio, apat\u00eda, tensi\u00f3n, etc.<\/p>\n<p><strong>Duraci\u00f3n:<\/strong> 2h<br \/>\n<strong>Incluye: <\/strong>Documento descargable \u201celaboraci\u00f3n de tu botiqu\u00edn de especias\u201d.<\/p>\n<p><strong>Precio:<\/strong> <em>consultar<\/em>[\/vc_column_text][\/vc_column_inner][\/vc_row_inner][vc_empty_space][vc_separator][vc_empty_space][vc_row_inner][vc_column_inner width=&#8221;1\/2&#8243;][vc_column_text]\n<h4><strong>LA BELLEZA DE LAS DIOSAS<\/strong><\/h4>\n<p>Taller de Belleza Natural + Plan de rutina diaria.<\/p>\n<p><strong>Aprender\u00e1s:<\/strong><br \/>\nEjercicios y t\u00e9cnicas de auto masaje para la musculatura de la cara consiguiendo revitalizar, tonificar la piel.<br \/>\nRemedios naturales basados en la Ciencia Milenaria Ayurveda.<br \/>\nComo mejorar diferentes tipos y\/o desequilibrios de la piel; acn\u00e9, rojeces, manchas, flacidez, sequedad, falta de luminosidad etc.<br \/>\nElaboraci\u00f3n de Plan de rutina diaria para conseguir tener una piel m\u00e1s bonita, luminosa y sana.<br \/>\nEste taller proporciona herramientas para sentirse mejor y m\u00e1s bella.<\/p>\n<p><strong>Duraci\u00f3n:<\/strong> 2h<br \/>\n<strong>Incluye: <\/strong>Documento descargable \u201celaboraci\u00f3n plan de rutina diaria\u201d.<\/p>\n<p><strong>Precio:<\/strong> <em>consultar<\/em>[\/vc_column_text][\/vc_column_inner][vc_column_inner width=&#8221;1\/2&#8243;][vc_single_image image=&#8221;3669&#8243; img_size=&#8221;full&#8221; alignment=&#8221;center&#8221;][\/vc_column_inner][\/vc_row_inner][vc_empty_space][vc_separator][vc_empty_space][vc_row_inner][vc_column_inner width=&#8221;1\/2&#8243;][vc_single_image image=&#8221;3691&#8243; img_size=&#8221;full&#8221; alignment=&#8221;center&#8221;][\/vc_column_inner][vc_column_inner width=&#8221;1\/2&#8243;][vc_column_text]\n<h4><strong>PLAN DE RUTINA DIARIA<\/strong><\/h4>\n<p><strong>Descripci\u00f3n:<\/strong><br \/>\nLa salud se gana o se pierde dependiendo de c\u00f3mo vivimos el d\u00eda a d\u00eda.<br \/>\nEsta sesi\u00f3n te ofrece herramientas para conseguir una buena calidad de vida y bienestar a trav\u00e9s de la correcta gesti\u00f3n de tu rutina diaria.<br \/>\n<strong>Vas a obtener:<\/strong><br \/>\nPlan de acci\u00f3n pautado para tu jornada del d\u00eda:<br \/>\nAlimentaci\u00f3n, ejercicio, c\u00f3mo cocinar los alimentos, infusiones y especias, t\u00e9cnicas de auto masaje, pauta de flores de Bach.<br \/>\nProcedimientos sencillos con grandes resultados.<br \/>\n<strong>Duraci\u00f3n:<\/strong> 2h<br \/>\n<strong>Incluye:<\/strong> Documento descargable \u201celaboraci\u00f3n plan de rutina diaria\u201d.<\/p>\n<p><strong>Precio:<\/strong> <em>consultar<\/em>[\/vc_column_text][\/vc_column_inner][\/vc_row_inner][\/vc_column][\/vc_row][vc_row][vc_column][vc_empty_space][vc_custom_heading text=&#8221;TESTIMONIOS&#8221; font_container=&#8221;tag:h2|text_align:center|color:%23000000&#8243; use_theme_fonts=&#8221;yes&#8221;][\/vc_column][\/vc_row][vc_row][vc_column width=&#8221;1\/2&#8243;][vc_raw_html]JTVCcmVzcG9uc2l2ZV95b3V0dWJlJTIwQ0tnck15T3Q1S2clMjBub3JlbCU1RA==[\/vc_raw_html][vc_empty_space][\/vc_column][vc_column width=&#8221;1\/2&#8243;][vc_raw_html]JTVCcmVzcG9uc2l2ZV95b3V0dWJlJTIwUDhuekN1YmJmRjAlMjBub3JlbCU1RA==[\/vc_raw_html][vc_empty_space][\/vc_column][\/vc_row][vc_row disable_element=&#8221;yes&#8221;][vc_column][vc_empty_space][vc_separator][vc_empty_space][\/vc_column][\/vc_row][vc_row equal_height=&#8221;yes&#8221; disable_element=&#8221;yes&#8221;][vc_column width=&#8221;1\/3&#8243; css=&#8221;.vc_custom_1614098358573{background-image: url(https:\/\/www.experienceswellness.com\/wp-content\/uploads\/2021\/02\/ew-flores-bach-4.png?id=1612) !important;background-position: center !important;background-repeat: no-repeat !important;background-size: contain !important;}&#8221;][vc_empty_space height=&#8221;100px&#8221;][vc_custom_heading text=&#8221;Sesi\u00f3n Online&#8221; font_container=&#8221;tag:h2|text_align:center&#8221; use_theme_fonts=&#8221;yes&#8221;][vc_btn title=&#8221;PLAN DE RUTINA DIARIA&#8221; color=&#8221;danger&#8221; align=&#8221;center&#8221; el_class=&#8221;colorbienestar&#8221; link=&#8221;url:https%3A%2F%2Fwww.experienceswellness.com%2Findex.php%2Fformulario-de-inscripcion-ayurveda%2F|title:Formulario%20de%20Inscripci%C3%B3n%20Plan%20Ayurveda&#8221;][vc_btn title=&#8221;VER PLAN&#8221; color=&#8221;danger&#8221; align=&#8221;center&#8221; custom_onclick=&#8221;true&#8221; el_class=&#8221;colorbienestar&#8221; link=&#8221;url:%23popmake-3385&#8243;][\/vc_column][vc_column width=&#8221;1\/3&#8243;][vc_single_image image=&#8221;1512&#8243; img_size=&#8221;full&#8221; alignment=&#8221;center&#8221; style=&#8221;vc_box_shadow_3d&#8221;][\/vc_column][vc_column width=&#8221;1\/3&#8243; css=&#8221;.vc_custom_1614098367540{background-image: url(https:\/\/www.experienceswellness.com\/wp-content\/uploads\/2021\/02\/ew-flores-bach-3.png?id=1611) !important;background-position: center !important;background-repeat: no-repeat !important;background-size: contain !important;}&#8221;][vc_empty_space height=&#8221;100px&#8221;][vc_custom_heading text=&#8221;Profesionales&#8221; font_container=&#8221;tag:h2|text_align:center&#8221; use_theme_fonts=&#8221;yes&#8221;][vc_btn title=&#8221;TALLERES AYURVEDA&#8221; color=&#8221;danger&#8221; align=&#8221;center&#8221; el_class=&#8221;colorbienestar&#8221; link=&#8221;url:https%3A%2F%2Fwww.experienceswellness.com%2Findex.php%2Fformulario-bienestar-pro%2F|title:Formulario%20Bienestar%20PRO&#8221;][\/vc_column][\/vc_row][vc_row][vc_column][vc_empty_space][\/vc_column][\/vc_row][vc_row disable_element=&#8221;yes&#8221;][vc_column width=&#8221;1\/5&#8243;][vc_btn title=&#8221;MAR\u00cdA OJEDA&#8221; color=&#8221;success&#8221; align=&#8221;center&#8221; button_block=&#8221;true&#8221; el_class=&#8221;colorviajes&#8221; link=&#8221;url:https%3A%2F%2Fwww.experienceswellness.com%2Findex.php%2Fmaria-ojeda%2F|title:Mar%C3%ADa%20Ojeda&#8221;][\/vc_column][vc_column width=&#8221;1\/5&#8243;][vc_btn title=&#8221;VIAJES&#8221; color=&#8221;info&#8221; align=&#8221;center&#8221; button_block=&#8221;true&#8221; el_class=&#8221;colorbienestar&#8221; link=&#8221;url:https%3A%2F%2Fwww.experienceswellness.com%2Findex.php%2Fviajes%2F|title:Viajes&#8221;][\/vc_column][vc_column width=&#8221;1\/5&#8243;][vc_btn title=&#8221;REGALOS&#8221; align=&#8221;center&#8221; button_block=&#8221;true&#8221; el_class=&#8221;colorregalos&#8221; link=&#8221;url:https%3A%2F%2Fwww.experienceswellness.com%2Findex.php%2Fregalos%2F|title:Regalos&#8221;][\/vc_column][vc_column width=&#8221;1\/5&#8243;][vc_btn title=&#8221;PROFESIONALES&#8221; color=&#8221;blue&#8221; align=&#8221;center&#8221; button_block=&#8221;true&#8221; el_class=&#8221;colorprofesional&#8221; link=&#8221;url:https%3A%2F%2Fwww.experienceswellness.com%2Findex.php%2Fregister%2F&#8221;][\/vc_column][vc_column width=&#8221;1\/5&#8243;][vc_btn title=&#8221;BLOG&#8221; color=&#8221;warning&#8221; align=&#8221;center&#8221; button_block=&#8221;true&#8221; el_class=&#8221;colorblog&#8221; link=&#8221;url:https%3A%2F%2Fwww.experienceswellness.com%2Findex.php%2Fblog-2%2F|title:Blog&#8221;][\/vc_column][\/vc_row]\n","protected":false},"excerpt":{"rendered":"<p>[vc_row css=&#8221;.vc_custom_1610108519226{background-position: center !important;background-repeat: no-repeat !important;background-size: cover !important;}&#8221;][vc_column][vc_row_inner][vc_column_inner][vc_empty_space][\/vc_column_inner][\/vc_row_inner][vc_column_text css_animation=&#8221;none&#8221;] El arte del buen vivir [\/vc_column_text][vc_empty_space][vc_row_inner][vc_column_inner&hellip;<\/p>\n","protected":false},"author":1,"featured_media":0,"parent":2695,"menu_order":0,"comment_status":"closed","ping_status":"closed","template":"","meta":[],"_links":{"self":[{"href":"https:\/\/www.experienceswellness.com\/index.php\/wp-json\/wp\/v2\/pages\/2854"}],"collection":[{"href":"https:\/\/www.experienceswellness.com\/index.php\/wp-json\/wp\/v2\/pages"}],"about":[{"href":"https:\/\/www.experienceswellness.com\/index.php\/wp-json\/wp\/v2\/types\/page"}],"author":[{"embeddable":true,"href":"https:\/\/www.experienceswellness.com\/index.php\/wp-json\/wp\/v2\/users\/1"}],"replies":[{"embeddable":true,"href":"https:\/\/www.experienceswellness.com\/index.php\/wp-json\/wp\/v2\/comments?post=2854"}],"version-history":[{"count":35,"href":"https:\/\/www.experienceswellness.com\/index.php\/wp-json\/wp\/v2\/pages\/2854\/revisions"}],"predecessor-version":[{"id":3819,"href":"https:\/\/www.experienceswellness.com\/index.php\/wp-json\/wp\/v2\/pages\/2854\/revisions\/3819"}],"up":[{"embeddable":true,"href":"https:\/\/www.experienceswellness.com\/index.php\/wp-json\/wp\/v2\/pages\/2695"}],"wp:attachment":[{"href":"https:\/\/www.experienceswellness.com\/index.php\/wp-json\/wp\/v2\/media?parent=2854"}],"curies":[{"name":"wp","href":"https:\/\/api.w.org\/{rel}","templated":true}]}}